{"id":179,"date":"2024-02-08T00:45:53","date_gmt":"2024-02-08T03:45:53","guid":{"rendered":"https:\/\/portalincluir.com.br\/?page_id=179"},"modified":"2024-02-08T00:51:58","modified_gmt":"2024-02-08T03:51:58","slug":"legislacao-para-pcds","status":"publish","type":"page","link":"https:\/\/portalincluir.com.br\/index.php\/legislacao-para-pcds\/","title":{"rendered":"Legisla\u00e7\u00e3o para PCDs"},"content":{"rendered":"\n<p><small><a href=\"https:\/\/www.planalto.gov.br\/ccivil_03\/_ato2015-2018\/2015\/lei\/l13146.htm\" target=\"_blank\" rel=\"noreferrer noopener\"><\/a><\/small><\/p>\n\n\n\n<ul class=\"wp-block-list\">\n<li>&#8211;\u00a0Atos normativos editados pelo Poder Executivo Federal que disp\u00f5em sobre a promulga\u00e7\u00e3o de conven\u00e7\u00f5es e recomenda\u00e7\u00f5es da Organiza\u00e7\u00e3o Internacional do Trabalho:\u00a0<a href=\"https:\/\/www2.camara.leg.br\/legin\/fed\/decret\/2019\/decreto-10088-5-novembro-2019-789348-norma-pe.html\" target=\"_blank\" rel=\"noreferrer noopener\">Decreto n\u00ba 10.088, de 2019.<\/a><\/li>\n\n\n\n<li>&#8211; Conven\u00e7\u00e3o Interamericana para a Elimina\u00e7\u00e3o de Todas as Formas de Discrimina\u00e7\u00e3o contra as Pessoas\u00a0com Defici\u00eancia:\u00a0<a href=\"https:\/\/www2.camara.leg.br\/legin\/fed\/decret\/2001\/decreto-3956-8-outubro-2001-332660-norma-pe.html\" target=\"_blank\" rel=\"noreferrer noopener\">Decreto n\u00ba 3.956, de 2001<\/a>.<\/li>\n\n\n\n<li>\u200b\u200b\u200b\u200b\u200b\u200b- Conven\u00e7\u00e3o\u200b Inter\u200bnacional sobre os Direitos das Pessoas com Defici\u00eancia:\u00a0<a href=\"https:\/\/www2.camara.leg.br\/legin\/fed\/decret\/2009\/decreto-6949-25-agosto-2009-590871-norma-pe.html\" target=\"_blank\" rel=\"noreferrer noopener\">Decreto n\u00ba 6.949, de 2009<\/a>.<\/li>\n\n\n\n<li>&#8211; Crit\u00e9rios e requisitos para avalia\u00e7\u00e3o das pessoas com defici\u00eancia ou pessoas com transtorno do espectro autista para fins de concess\u00e3o de isen\u00e7\u00e3o do Imposto sobre Produtos Industrializados &#8211; IPI:\u00a0<a href=\"https:\/\/www2.camara.leg.br\/legin\/fed\/decret\/2022\/decreto-11063-4-maio-2022-792594-norma-pe.html\" target=\"_blank\" rel=\"noreferrer noopener\">Decreto n\u00ba 11.063, de 2022<\/a>.<\/li>\n\n\n\n<li>&#8211;\u00a0<a href=\"https:\/\/livraria.camara.leg.br\/legislacao-sobre-pessoa-com-deficiencia\" target=\"_blank\" rel=\"noreferrer noopener\">Legisla\u00e7\u00e3o Brasileira sobre Pessoas com Defici\u00eancia<\/a>\u00a0(colet\u00e2nea de normas aprovadas at\u00e9 17\/12\/2018).<\/li>\n\n\n\n<li>&#8211; Lei Brasileira de Inclus\u00e3o da Pessoa com Defici\u00eancia (LBI):\u00a0<a href=\"https:\/\/www2.camara.leg.br\/legin\/fed\/lei\/2015\/lei-13146-6-julho-2015-781174-norma-pl.html\" target=\"_blank\" rel=\"noreferrer noopener\">Lei n\u00ba 13.146, de 2015<\/a>.<\/li>\n\n\n\n<li>&#8211; Lei da L\u00edngua Brasileira de Sinais (Libras):\u00a0<a href=\"https:\/\/www2.camara.leg.br\/legin\/fed\/lei\/2002\/lei-10436-24-abril-2002-405330-norma-pl.html\" target=\"_blank\" rel=\"noreferrer noopener\">Lei n\u00ba 10.436, de 2002<\/a>\u00a0e\u00a0<a href=\"https:\/\/www2.camara.leg.br\/legin\/fed\/decret\/2005\/decreto-5626-22-dezembro-2005-539842-norma-pe.html\" target=\"_blank\" rel=\"noreferrer noopener\">Decreto n\u00ba 5.626, de 2005<\/a>\u00a0(inclusa a altera\u00e7\u00e3o do\u00a0<a href=\"https:\/\/www2.camara.leg.br\/legin\/fed\/decret\/2018\/decreto-9656-27-dezembro-2018-787563-norma-pe.html\" target=\"_blank\" rel=\"noreferrer noopener\">Decreto n\u00ba 9.656, de 2018<\/a>).<\/li>\n\n\n\n<li>&#8211; Lei da Regulamenta\u00e7\u00e3o da profiss\u00e3o de Tradutor e Int\u00e9rprete da L\u00edngua Brasileira de Sinais:\u00a0\u00a0<a href=\"https:\/\/www2.camara.leg.br\/legin\/fed\/lei\/2010\/lei-12319-1-setembro-2010-608253-norma-pl.html\" target=\"_blank\" rel=\"noreferrer noopener\">Lei n\u00ba 12.319, de 2010<\/a>\u00a0(inclusas a altera\u00e7\u00e3o e a revoga\u00e7\u00e3o parcial da\u00a0<a href=\"https:\/\/www2.camara.leg.br\/legin\/fed\/lei\/2023\/lei-14704-25-outubro-2023-794852-norma-pl.html\" target=\"_blank\" rel=\"noreferrer noopener\">Lei n\u00ba 14.704, de 2023<\/a>).<\/li>\n\n\n\n<li>\u200b- Lei de Benef\u00edcios da Previd\u00eancia Social e Cotas para Pessoas com Defici\u00eancia:<a href=\"https:\/\/www2.camara.leg.br\/legin\/fed\/lei\/1991\/lei-8213-24-julho-1991-363650-norma-pl.html\" target=\"_blank\" rel=\"noreferrer noopener\">\u00a0Lei n\u00ba 8.213, de 1991<\/a>.<\/li>\n\n\n\n<li>&#8211; Lei de Cotas de Ingresso nas Universidades:\u00a0<a href=\"https:\/\/www2.camara.leg.br\/legin\/fed\/lei\/2012\/lei-12711-29-agosto-2012-774113-norma-pl.html\" target=\"_blank\" rel=\"noreferrer noopener\">Lei n\u00ba 12.711, de 2012<\/a>\u00a0e\u00a0<a href=\"https:\/\/www2.camara.leg.br\/legin\/fed\/decret\/2012\/decreto-7824-11-outubro-2012-774384-norma-pe.html\" target=\"_blank\" rel=\"noreferrer noopener\">Decreto n\u00ba 7.824, de 2012<\/a>.<\/li>\n\n\n\n<li>&#8211; Lei de \u200bDefesa dos Direitos do Usu\u00e1rio dos Servi\u00e7os P\u00fablicos:\u00a0<a href=\"https:\/\/www2.camara.leg.br\/legin\/fed\/lei\/2017\/lei-13460-26-junho-2017-785098-norma-pl.html\" target=\"_blank\" rel=\"noreferrer noopener\">Lei n\u00ba 13.460, de 2017<\/a>.<\/li>\n\n\n\n<li>&#8211; Lei de Diretrizes e Base da \u200bEduca\u00e7\u00e3o Nacional (LDB) ou\u00a0Lei Darcy Ribeiro:\u00a0<a href=\"https:\/\/www2.camara.leg.br\/legin\/fed\/lei\/1996\/lei-9394-20-dezembro-1996-362578-norma-pl.html\" target=\"_blank\" rel=\"noreferrer noopener\">Lei n\u00ba 9.394, de 1996<\/a>.<\/li>\n\n\n\n<li>&#8211; Lei do c\u00e3o-guia:\u00a0<a href=\"https:\/\/www2.camara.leg.br\/legin\/fed\/lei\/2005\/lei-11126-27-junho-2005-537609-norma-pl.html\" target=\"_blank\" rel=\"noreferrer noopener\">Lei n\u00ba 11.126, de 2005<\/a>\u00a0e\u00a0<a href=\"https:\/\/www2.camara.leg.br\/legin\/fed\/decret\/2006\/decreto-5904-21-setembro-2006-545552-norma-pe.html\" target=\"_blank\" rel=\"noreferrer noopener\">Decreto n\u00ba 5.904, de 2006.<\/a><\/li>\n\n\n\n<li>&#8211; Leis do Atendimento Priorit\u00e1rio e da Acessibilidade:<a href=\"https:\/\/www2.camara.leg.br\/legin\/fed\/lei\/2000\/lei-10048-8-novembro-2000-376937-norma-pl.html\" target=\"_blank\" rel=\"noreferrer noopener\">\u00a0Lei n\u00ba 10.048, de 2000<\/a>,\u00a0<a href=\"https:\/\/www2.camara.leg.br\/legin\/fed\/lei\/2000\/lei-10098-19-dezembro-2000-377651-norma-pl.html\" target=\"_blank\" rel=\"noreferrer noopener\">Lei n\u00ba 10.098, de 2000<\/a>\u00a0e\u00a0\u00a0<a href=\"https:\/\/www2.camara.leg.br\/legin\/fed\/decret\/2004\/decreto-5296-2-dezembro-2004-534980-norma-pe.html\" target=\"_blank\" rel=\"noreferrer noopener\">Decreto n\u00ba 5.296, de 2004<\/a><\/li>\n\n\n\n<li>&#8211; Lei Maria da Penha (coibir viol\u00eancia dom\u00e9stica e familiar contra a mulher):\u00a0<a href=\"https:\/\/www2.camara.leg.br\/legin\/fed\/lei\/2006\/lei-11340-7-agosto-2006-545133-norma-pl.html\" target=\"_blank\" rel=\"noreferrer noopener\">Lei n\u00ba 11.340, de 2006<\/a>\u00a0 e\u00a0<a href=\"https:\/\/www2.camara.leg.br\/legin\/fed\/decret\/2009\/decreto-6924-5-agosto-2009-590153-norma-pe.html\" target=\"_blank\" rel=\"noreferrer noopener\">Decreto 6.924, de 2009<\/a>.<\/li>\n\n\n\n<li>&#8211; Medidas de acessibilidade comunicacional no \u00e2mbito das produ\u00e7\u00f5es e a\u00e7\u00f5es da Secretaria de Comunica\u00e7\u00e3o Social da Presid\u00eancia da Rep\u00fablica:\u00a0<a href=\"https:\/\/www.in.gov.br\/web\/dou\/-\/instrucao-normativa-secom-n-3-de-14-de-setembro-de-2023-510068147\" target=\"_blank\" rel=\"noreferrer noopener\">Instru\u00e7\u00e3o Normativa SECOM n\u00ba 3, de 14 de setembro de 2023<\/a>.<\/li>\n\n\n\n<li>&#8211; Plano Nacional dos Direitos da Pessoa com Defici\u00eancia (Plano Viver Sem Limites):\u00a0<a href=\"https:\/\/www2.camara.leg.br\/legin\/fed\/decret\/2011\/decreto-7612-17-novembro-2011-611789-norma-pe.html\" target=\"_blank\" rel=\"noreferrer noopener\">Decreto n\u00ba 7.612, de 2011<\/a><\/li>\n\n\n\n<li>&#8211; Pol\u00edtica Nacional de Prote\u00e7\u00e3o dos Direitos da Pessoa com Transtorno do Espectro Autista (Lei Berenice Piana):\u00a0<a href=\"https:\/\/www2.camara.leg.br\/legin\/fed\/lei\/2012\/lei-12764-27-dezembro-2012-774838-norma-pl.html\" target=\"_blank\" rel=\"noreferrer noopener\">Lei n\u00ba 12.764, de 2012\u00a0<\/a>e\u00a0<a href=\"https:\/\/www2.camara.leg.br\/legin\/fed\/decret\/2014\/decreto-8368-2-dezembro-2014-779648-norma-pe.html\" target=\"_blank\" rel=\"noreferrer noopener\">Decreto n\u00ba 8.368, de 2014<\/a>.<\/li>\n\n\n\n<li>&#8211; Procedimentos para a Aten\u00e7\u00e3o Especializada \u00e0s Pessoas com Defici\u00eancia Auditiva no Sistema \u00danico de Sa\u00fade (SUS):\u00a0<a href=\"https:\/\/bvsms.saude.gov.br\/bvs\/saudelegis\/gm\/2014\/prt2776_18_12_2014.html\" target=\"_blank\" rel=\"noreferrer noopener\">Portaria n\u00ba 2.776\/2014\u00a0<\/a>do Minist\u00e9rio da Sa\u00fade<\/li>\n\n\n\n<li>&#8211; Programa Nacional do Livro e do Material Did\u00e1tico em formato acess\u00edvel:\u00a0<a href=\"https:\/\/www2.camara.leg.br\/legin\/fed\/decret\/2017\/decreto-9099-18-julho-2017-785224-norma-pe.html\" target=\"_blank\" rel=\"noreferrer noopener\">Decreto n\u00ba 9.099, de 2017<\/a><\/li>\n\n\n\n<li>&#8211; Tratado de Marraqueche, acesso a obras publicadas \u00e0s pessoas com defici\u00eancia visual em vers\u00e3o impressa:\u00a0<a href=\"https:\/\/www2.camara.leg.br\/legin\/fed\/decret\/2018\/decreto-9522-8-outubro-2018-787228-norma-pe.html\" target=\"_blank\" rel=\"noreferrer noopener\">Decreto n\u00ba 9.522, de 2018<\/a><\/li>\n<\/ul>\n","protected":false},"excerpt":{"rendered":"","protected":false},"author":1,"featured_media":0,"parent":0,"menu_order":0,"comment_status":"closed","ping_status":"closed","template":"","meta":{"om_disable_all_campaigns":false,"_monsterinsights_skip_tracking":false,"_monsterinsights_sitenote_active":false,"_monsterinsights_sitenote_note":"","_monsterinsights_sitenote_category":0,"_uf_show_specific_survey":0,"_uf_disable_surveys":false,"footnotes":""},"class_list":["post-179","page","type-page","status-publish","hentry"],"yoast_head":"<!-- This site is optimized with the Yoast SEO plugin v27.4 - https:\/\/yoast.com\/product\/yoast-seo-wordpress\/ -->\n<title>Legisla\u00e7\u00e3o para PCDs - PORTAL INCLUIR<\/title>\n<meta name=\"robots\" content=\"index, follow, max-snippet:-1, max-image-preview:large, max-video-preview:-1\" \/>\n<link rel=\"canonical\" href=\"https:\/\/portalincluir.com.br\/index.php\/legislacao-para-pcds\/\" \/>\n<meta property=\"og:locale\" content=\"pt_BR\" \/>\n<meta property=\"og:type\" content=\"article\" \/>\n<meta property=\"og:title\" content=\"Legisla\u00e7\u00e3o para PCDs - PORTAL INCLUIR\" \/>\n<meta property=\"og:url\" content=\"https:\/\/portalincluir.com.br\/index.php\/legislacao-para-pcds\/\" \/>\n<meta property=\"og:site_name\" content=\"PORTAL INCLUIR\" \/>\n<meta property=\"article:modified_time\" content=\"2024-02-08T03:51:58+00:00\" \/>\n<meta name=\"twitter:card\" content=\"summary_large_image\" \/>\n<meta name=\"twitter:label1\" content=\"Est. tempo de leitura\" \/>\n\t<meta name=\"twitter:data1\" content=\"2 minutos\" \/>\n<script type=\"application\/ld+json\" class=\"yoast-schema-graph\">{\"@context\":\"https:\\\/\\\/schema.org\",\"@graph\":[{\"@type\":\"WebPage\",\"@id\":\"https:\\\/\\\/portalincluir.com.br\\\/index.php\\\/legislacao-para-pcds\\\/\",\"url\":\"https:\\\/\\\/portalincluir.com.br\\\/index.php\\\/legislacao-para-pcds\\\/\",\"name\":\"Legisla\u00e7\u00e3o para PCDs - PORTAL INCLUIR\",\"isPartOf\":{\"@id\":\"https:\\\/\\\/portalincluir.com.br\\\/#website\"},\"datePublished\":\"2024-02-08T03:45:53+00:00\",\"dateModified\":\"2024-02-08T03:51:58+00:00\",\"breadcrumb\":{\"@id\":\"https:\\\/\\\/portalincluir.com.br\\\/index.php\\\/legislacao-para-pcds\\\/#breadcrumb\"},\"inLanguage\":\"pt-BR\",\"potentialAction\":[{\"@type\":\"ReadAction\",\"target\":[\"https:\\\/\\\/portalincluir.com.br\\\/index.php\\\/legislacao-para-pcds\\\/\"]}]},{\"@type\":\"BreadcrumbList\",\"@id\":\"https:\\\/\\\/portalincluir.com.br\\\/index.php\\\/legislacao-para-pcds\\\/#breadcrumb\",\"itemListElement\":[{\"@type\":\"ListItem\",\"position\":1,\"name\":\"In\u00edcio\",\"item\":\"https:\\\/\\\/portalincluir.com.br\\\/\"},{\"@type\":\"ListItem\",\"position\":2,\"name\":\"Legisla\u00e7\u00e3o para PCDs\"}]},{\"@type\":\"WebSite\",\"@id\":\"https:\\\/\\\/portalincluir.com.br\\\/#website\",\"url\":\"https:\\\/\\\/portalincluir.com.br\\\/\",\"name\":\"PORTAL INCLUIR\",\"description\":\"\",\"potentialAction\":[{\"@type\":\"SearchAction\",\"target\":{\"@type\":\"EntryPoint\",\"urlTemplate\":\"https:\\\/\\\/portalincluir.com.br\\\/?s={search_term_string}\"},\"query-input\":{\"@type\":\"PropertyValueSpecification\",\"valueRequired\":true,\"valueName\":\"search_term_string\"}}],\"inLanguage\":\"pt-BR\"}]}<\/script>\n<!-- \/ Yoast SEO plugin. -->","yoast_head_json":{"title":"Legisla\u00e7\u00e3o para PCDs - PORTAL INCLUIR","robots":{"index":"index","follow":"follow","max-snippet":"max-snippet:-1","max-image-preview":"max-image-preview:large","max-video-preview":"max-video-preview:-1"},"canonical":"https:\/\/portalincluir.com.br\/index.php\/legislacao-para-pcds\/","og_locale":"pt_BR","og_type":"article","og_title":"Legisla\u00e7\u00e3o para PCDs - PORTAL INCLUIR","og_url":"https:\/\/portalincluir.com.br\/index.php\/legislacao-para-pcds\/","og_site_name":"PORTAL INCLUIR","article_modified_time":"2024-02-08T03:51:58+00:00","twitter_card":"summary_large_image","twitter_misc":{"Est. tempo de leitura":"2 minutos"},"schema":{"@context":"https:\/\/schema.org","@graph":[{"@type":"WebPage","@id":"https:\/\/portalincluir.com.br\/index.php\/legislacao-para-pcds\/","url":"https:\/\/portalincluir.com.br\/index.php\/legislacao-para-pcds\/","name":"Legisla\u00e7\u00e3o para PCDs - PORTAL INCLUIR","isPartOf":{"@id":"https:\/\/portalincluir.com.br\/#website"},"datePublished":"2024-02-08T03:45:53+00:00","dateModified":"2024-02-08T03:51:58+00:00","breadcrumb":{"@id":"https:\/\/portalincluir.com.br\/index.php\/legislacao-para-pcds\/#breadcrumb"},"inLanguage":"pt-BR","potentialAction":[{"@type":"ReadAction","target":["https:\/\/portalincluir.com.br\/index.php\/legislacao-para-pcds\/"]}]},{"@type":"BreadcrumbList","@id":"https:\/\/portalincluir.com.br\/index.php\/legislacao-para-pcds\/#breadcrumb","itemListElement":[{"@type":"ListItem","position":1,"name":"In\u00edcio","item":"https:\/\/portalincluir.com.br\/"},{"@type":"ListItem","position":2,"name":"Legisla\u00e7\u00e3o para PCDs"}]},{"@type":"WebSite","@id":"https:\/\/portalincluir.com.br\/#website","url":"https:\/\/portalincluir.com.br\/","name":"PORTAL INCLUIR","description":"","potentialAction":[{"@type":"SearchAction","target":{"@type":"EntryPoint","urlTemplate":"https:\/\/portalincluir.com.br\/?s={search_term_string}"},"query-input":{"@type":"PropertyValueSpecification","valueRequired":true,"valueName":"search_term_string"}}],"inLanguage":"pt-BR"}]}},"_links":{"self":[{"href":"https:\/\/portalincluir.com.br\/index.php\/wp-json\/wp\/v2\/pages\/179","targetHints":{"allow":["GET"]}}],"collection":[{"href":"https:\/\/portalincluir.com.br\/index.php\/wp-json\/wp\/v2\/pages"}],"about":[{"href":"https:\/\/portalincluir.com.br\/index.php\/wp-json\/wp\/v2\/types\/page"}],"author":[{"embeddable":true,"href":"https:\/\/portalincluir.com.br\/index.php\/wp-json\/wp\/v2\/users\/1"}],"replies":[{"embeddable":true,"href":"https:\/\/portalincluir.com.br\/index.php\/wp-json\/wp\/v2\/comments?post=179"}],"version-history":[{"count":4,"href":"https:\/\/portalincluir.com.br\/index.php\/wp-json\/wp\/v2\/pages\/179\/revisions"}],"predecessor-version":[{"id":184,"href":"https:\/\/portalincluir.com.br\/index.php\/wp-json\/wp\/v2\/pages\/179\/revisions\/184"}],"wp:attachment":[{"href":"https:\/\/portalincluir.com.br\/index.php\/wp-json\/wp\/v2\/media?parent=179"}],"curies":[{"name":"wp","href":"https:\/\/api.w.org\/{rel}","templated":true}]}}