{"id":191,"date":"2024-03-03T22:17:42","date_gmt":"2024-03-04T01:17:42","guid":{"rendered":"https:\/\/portalincluir.com.br\/?page_id=191"},"modified":"2026-02-07T07:17:27","modified_gmt":"2026-02-07T10:17:27","slug":"quem-somos","status":"publish","type":"page","link":"https:\/\/portalincluir.com.br\/index.php\/quem-somos\/","title":{"rendered":"Portal Incluir: aqui a diferen\u00e7a encontra o respeito e a voz"},"content":{"rendered":"\n<p><strong>O nascimento de um prop\u00f3sito<\/strong><\/p>\n\n\n\n<p>Tudo come\u00e7ou em agosto de 2013, com a chegada da Alice. Ela n\u00e3o trouxe apenas a alegria de ser nossa primeira filha; trouxe consigo a Trissomia do Cromossomo 21 e, com ela, o despertar de uma nova consci\u00eancia. O que come\u00e7ou como o blog <em>ViverDown<\/em> \u2014 um porto seguro para compartilhar as incertezas e vit\u00f3rias da S\u00edndrome de Down \u2014 revelou-nos uma realidade muito maior.<\/p>\n\n\n\n<p>Percebemos que o sil\u00eancio e a invisibilidade n\u00e3o afetavam apenas a nossa fam\u00edlia, mas milhares de outras que navegam por mares de exclus\u00e3o, seja por defici\u00eancias visuais, motoras, auditivas ou intelectuais.<\/p>\n\n\n\n<p><strong>Um novo horizonte: Contra todo tipo de exclus\u00e3o<\/strong><\/p>\n\n\n\n<p>No final de 2023, compreendemos que a nossa luta n\u00e3o poderia ser segmentada. A dor da exclus\u00e3o \u00e9 universal, mas a for\u00e7a da uni\u00e3o \u00e9 invenc\u00edvel. Por isso, o <em>ViverDown<\/em> evoluiu. Hoje, somos o <strong>Portal Incluir<\/strong>.<\/p>\n\n\n\n<p>Nossa miss\u00e3o expandiu-se para abra\u00e7ar n\u00e3o apenas o universo PcD, mas <strong>toda e qualquer pessoa que enfrenta as barreiras do preconceito.<\/strong> Seja o racismo, a discrimina\u00e7\u00e3o social, de g\u00eanero ou qualquer forma de intoler\u00e2ncia que tente diminuir a dignidade humana \u2014 o Portal Incluir \u00e9 o seu territ\u00f3rio de resist\u00eancia e acolhimento.<\/p>\n\n\n\n<p><strong>Nosso Compromisso<\/strong><\/p>\n\n\n\n<p>Acreditamos que uma sociedade que falha em respeitar as diferen\u00e7as \u00e9 uma sociedade incompleta. O Portal Incluir nasce para preencher essas lacunas atrav\u00e9s de:<\/p>\n\n\n\n<ul class=\"wp-block-list\">\n<li><strong>Comunidade Colaborativa:<\/strong> Um espa\u00e7o vivo onde pais, m\u00e3es, profissionais de sa\u00fade, educadores e ativistas trocam experi\u00eancias e transformam dor em a\u00e7\u00e3o.<\/li>\n\n\n\n<li><strong>Informa\u00e7\u00e3o que Liberta:<\/strong> Orienta\u00e7\u00f5es t\u00e9cnicas, direitos garantidos e conte\u00fados que combatem o preconceito com o conhecimento.<\/li>\n\n\n\n<li><strong>Fidelidade ao Humano:<\/strong> Nosso compromisso \u00e9 com o direito inalien\u00e1vel de cada indiv\u00edduo ser quem \u00e9, ocupando todos os espa\u00e7os da sociedade com orgulho e seguran\u00e7a.<\/li>\n<\/ul>\n\n\n\n<p><strong>Junte-se a n\u00f3s<\/strong><\/p>\n\n\n\n<p>Este portal n\u00e3o \u00e9 apenas um site; \u00e9 um movimento. \u00c9 a continuidade da hist\u00f3ria da Alice, agora entrela\u00e7ada \u00e0 hist\u00f3ria de tantos outros que buscam um mundo onde a &#8220;diferen\u00e7a&#8221; seja celebrada como a nossa maior riqueza.<\/p>\n\n\n\n<p>O Portal Incluir \u00e9 seu. Participe, colabore e ajude-nos a construir uma sociedade que finalmente aprenda a honrar a diversidade humana em todas as suas cores, formas e capacidades.<\/p>\n\n\n\n<p>Um forte bra\u00e7o,<\/p>\n\n\n\n<figure class=\"wp-block-image alignleft size-full is-resized\"><img loading=\"lazy\" decoding=\"async\" width=\"150\" height=\"150\" src=\"http:\/\/portalincluir.com.br\/wp-content\/uploads\/2024\/01\/jp.jpg\" alt=\"\" class=\"wp-image-109\" style=\"width:91px;height:auto\"\/><\/figure>\n\n\n\n<p><strong>J\u00fanior Patente<\/strong> (Professor e radialista e pai de uma crian\u00e7a com T21), idealizador do Portal Incluir.<\/p>\n","protected":false},"excerpt":{"rendered":"<p>O nascimento de um prop\u00f3sito Tudo come\u00e7ou em agosto de 2013, com a chegada da<\/p>\n","protected":false},"author":1,"featured_media":0,"parent":0,"menu_order":0,"comment_status":"closed","ping_status":"closed","template":"","meta":{"om_disable_all_campaigns":false,"_monsterinsights_skip_tracking":false,"_monsterinsights_sitenote_active":false,"_monsterinsights_sitenote_note":"","_monsterinsights_sitenote_category":0,"_uf_show_specific_survey":0,"_uf_disable_surveys":false,"footnotes":""},"class_list":["post-191","page","type-page","status-publish","hentry"],"yoast_head":"<!-- This site is optimized with the Yoast SEO plugin v27.4 - https:\/\/yoast.com\/product\/yoast-seo-wordpress\/ -->\n<title>Portal Incluir: aqui a diferen\u00e7a encontra o respeito e a voz - PORTAL INCLUIR<\/title>\n<meta name=\"robots\" content=\"index, follow, max-snippet:-1, max-image-preview:large, max-video-preview:-1\" \/>\n<link rel=\"canonical\" href=\"https:\/\/portalincluir.com.br\/index.php\/quem-somos\/\" \/>\n<meta property=\"og:locale\" content=\"pt_BR\" \/>\n<meta property=\"og:type\" content=\"article\" \/>\n<meta property=\"og:title\" content=\"Portal Incluir: aqui a diferen\u00e7a encontra o respeito e a voz - PORTAL INCLUIR\" \/>\n<meta property=\"og:description\" content=\"O nascimento de um prop\u00f3sito Tudo come\u00e7ou em agosto de 2013, com a chegada da\" \/>\n<meta property=\"og:url\" content=\"https:\/\/portalincluir.com.br\/index.php\/quem-somos\/\" \/>\n<meta property=\"og:site_name\" content=\"PORTAL INCLUIR\" \/>\n<meta property=\"article:modified_time\" content=\"2026-02-07T10:17:27+00:00\" \/>\n<meta property=\"og:image\" content=\"https:\/\/portalincluir.com.br\/wp-content\/uploads\/2024\/01\/jp.jpg\" \/>\n\t<meta property=\"og:image:width\" content=\"150\" \/>\n\t<meta property=\"og:image:height\" content=\"150\" \/>\n\t<meta property=\"og:image:type\" content=\"image\/jpeg\" \/>\n<meta name=\"twitter:card\" content=\"summary_large_image\" \/>\n<meta name=\"twitter:label1\" content=\"Est. tempo de leitura\" \/>\n\t<meta name=\"twitter:data1\" content=\"3 minutos\" \/>\n<script type=\"application\/ld+json\" class=\"yoast-schema-graph\">{\"@context\":\"https:\\\/\\\/schema.org\",\"@graph\":[{\"@type\":\"WebPage\",\"@id\":\"https:\\\/\\\/portalincluir.com.br\\\/index.php\\\/quem-somos\\\/\",\"url\":\"https:\\\/\\\/portalincluir.com.br\\\/index.php\\\/quem-somos\\\/\",\"name\":\"Portal Incluir: aqui a diferen\u00e7a encontra o respeito e a voz - PORTAL INCLUIR\",\"isPartOf\":{\"@id\":\"https:\\\/\\\/portalincluir.com.br\\\/#website\"},\"primaryImageOfPage\":{\"@id\":\"https:\\\/\\\/portalincluir.com.br\\\/index.php\\\/quem-somos\\\/#primaryimage\"},\"image\":{\"@id\":\"https:\\\/\\\/portalincluir.com.br\\\/index.php\\\/quem-somos\\\/#primaryimage\"},\"thumbnailUrl\":\"http:\\\/\\\/portalincluir.com.br\\\/wp-content\\\/uploads\\\/2024\\\/01\\\/jp.jpg\",\"datePublished\":\"2024-03-04T01:17:42+00:00\",\"dateModified\":\"2026-02-07T10:17:27+00:00\",\"breadcrumb\":{\"@id\":\"https:\\\/\\\/portalincluir.com.br\\\/index.php\\\/quem-somos\\\/#breadcrumb\"},\"inLanguage\":\"pt-BR\",\"potentialAction\":[{\"@type\":\"ReadAction\",\"target\":[\"https:\\\/\\\/portalincluir.com.br\\\/index.php\\\/quem-somos\\\/\"]}]},{\"@type\":\"ImageObject\",\"inLanguage\":\"pt-BR\",\"@id\":\"https:\\\/\\\/portalincluir.com.br\\\/index.php\\\/quem-somos\\\/#primaryimage\",\"url\":\"https:\\\/\\\/portalincluir.com.br\\\/wp-content\\\/uploads\\\/2024\\\/01\\\/jp.jpg\",\"contentUrl\":\"https:\\\/\\\/portalincluir.com.br\\\/wp-content\\\/uploads\\\/2024\\\/01\\\/jp.jpg\",\"width\":150,\"height\":150},{\"@type\":\"BreadcrumbList\",\"@id\":\"https:\\\/\\\/portalincluir.com.br\\\/index.php\\\/quem-somos\\\/#breadcrumb\",\"itemListElement\":[{\"@type\":\"ListItem\",\"position\":1,\"name\":\"In\u00edcio\",\"item\":\"https:\\\/\\\/portalincluir.com.br\\\/\"},{\"@type\":\"ListItem\",\"position\":2,\"name\":\"Portal Incluir: aqui a diferen\u00e7a encontra o respeito e a voz\"}]},{\"@type\":\"WebSite\",\"@id\":\"https:\\\/\\\/portalincluir.com.br\\\/#website\",\"url\":\"https:\\\/\\\/portalincluir.com.br\\\/\",\"name\":\"PORTAL INCLUIR\",\"description\":\"\",\"potentialAction\":[{\"@type\":\"SearchAction\",\"target\":{\"@type\":\"EntryPoint\",\"urlTemplate\":\"https:\\\/\\\/portalincluir.com.br\\\/?s={search_term_string}\"},\"query-input\":{\"@type\":\"PropertyValueSpecification\",\"valueRequired\":true,\"valueName\":\"search_term_string\"}}],\"inLanguage\":\"pt-BR\"}]}<\/script>\n<!-- \/ Yoast SEO plugin. -->","yoast_head_json":{"title":"Portal Incluir: aqui a diferen\u00e7a encontra o respeito e a voz - PORTAL INCLUIR","robots":{"index":"index","follow":"follow","max-snippet":"max-snippet:-1","max-image-preview":"max-image-preview:large","max-video-preview":"max-video-preview:-1"},"canonical":"https:\/\/portalincluir.com.br\/index.php\/quem-somos\/","og_locale":"pt_BR","og_type":"article","og_title":"Portal Incluir: aqui a diferen\u00e7a encontra o respeito e a voz - PORTAL INCLUIR","og_description":"O nascimento de um prop\u00f3sito Tudo come\u00e7ou em agosto de 2013, com a chegada da","og_url":"https:\/\/portalincluir.com.br\/index.php\/quem-somos\/","og_site_name":"PORTAL INCLUIR","article_modified_time":"2026-02-07T10:17:27+00:00","og_image":[{"width":150,"height":150,"url":"https:\/\/portalincluir.com.br\/wp-content\/uploads\/2024\/01\/jp.jpg","type":"image\/jpeg"}],"twitter_card":"summary_large_image","twitter_misc":{"Est. tempo de leitura":"3 minutos"},"schema":{"@context":"https:\/\/schema.org","@graph":[{"@type":"WebPage","@id":"https:\/\/portalincluir.com.br\/index.php\/quem-somos\/","url":"https:\/\/portalincluir.com.br\/index.php\/quem-somos\/","name":"Portal Incluir: aqui a diferen\u00e7a encontra o respeito e a voz - PORTAL INCLUIR","isPartOf":{"@id":"https:\/\/portalincluir.com.br\/#website"},"primaryImageOfPage":{"@id":"https:\/\/portalincluir.com.br\/index.php\/quem-somos\/#primaryimage"},"image":{"@id":"https:\/\/portalincluir.com.br\/index.php\/quem-somos\/#primaryimage"},"thumbnailUrl":"http:\/\/portalincluir.com.br\/wp-content\/uploads\/2024\/01\/jp.jpg","datePublished":"2024-03-04T01:17:42+00:00","dateModified":"2026-02-07T10:17:27+00:00","breadcrumb":{"@id":"https:\/\/portalincluir.com.br\/index.php\/quem-somos\/#breadcrumb"},"inLanguage":"pt-BR","potentialAction":[{"@type":"ReadAction","target":["https:\/\/portalincluir.com.br\/index.php\/quem-somos\/"]}]},{"@type":"ImageObject","inLanguage":"pt-BR","@id":"https:\/\/portalincluir.com.br\/index.php\/quem-somos\/#primaryimage","url":"https:\/\/portalincluir.com.br\/wp-content\/uploads\/2024\/01\/jp.jpg","contentUrl":"https:\/\/portalincluir.com.br\/wp-content\/uploads\/2024\/01\/jp.jpg","width":150,"height":150},{"@type":"BreadcrumbList","@id":"https:\/\/portalincluir.com.br\/index.php\/quem-somos\/#breadcrumb","itemListElement":[{"@type":"ListItem","position":1,"name":"In\u00edcio","item":"https:\/\/portalincluir.com.br\/"},{"@type":"ListItem","position":2,"name":"Portal Incluir: aqui a diferen\u00e7a encontra o respeito e a voz"}]},{"@type":"WebSite","@id":"https:\/\/portalincluir.com.br\/#website","url":"https:\/\/portalincluir.com.br\/","name":"PORTAL INCLUIR","description":"","potentialAction":[{"@type":"SearchAction","target":{"@type":"EntryPoint","urlTemplate":"https:\/\/portalincluir.com.br\/?s={search_term_string}"},"query-input":{"@type":"PropertyValueSpecification","valueRequired":true,"valueName":"search_term_string"}}],"inLanguage":"pt-BR"}]}},"_links":{"self":[{"href":"https:\/\/portalincluir.com.br\/index.php\/wp-json\/wp\/v2\/pages\/191","targetHints":{"allow":["GET"]}}],"collection":[{"href":"https:\/\/portalincluir.com.br\/index.php\/wp-json\/wp\/v2\/pages"}],"about":[{"href":"https:\/\/portalincluir.com.br\/index.php\/wp-json\/wp\/v2\/types\/page"}],"author":[{"embeddable":true,"href":"https:\/\/portalincluir.com.br\/index.php\/wp-json\/wp\/v2\/users\/1"}],"replies":[{"embeddable":true,"href":"https:\/\/portalincluir.com.br\/index.php\/wp-json\/wp\/v2\/comments?post=191"}],"version-history":[{"count":3,"href":"https:\/\/portalincluir.com.br\/index.php\/wp-json\/wp\/v2\/pages\/191\/revisions"}],"predecessor-version":[{"id":919,"href":"https:\/\/portalincluir.com.br\/index.php\/wp-json\/wp\/v2\/pages\/191\/revisions\/919"}],"wp:attachment":[{"href":"https:\/\/portalincluir.com.br\/index.php\/wp-json\/wp\/v2\/media?parent=191"}],"curies":[{"name":"wp","href":"https:\/\/api.w.org\/{rel}","templated":true}]}}

Portal Incluir: aqui a diferença encontra o respeito e a voz

<p><strong>O nascimento de um propósito</strong></p>



<p>Tudo começou em agosto de 2013, com a chegada da Alice. Ela não trouxe apenas a alegria de ser nossa primeira filha; trouxe consigo a Trissomia do Cromossomo 21 e, com ela, o despertar de uma nova consciência. O que começou como o blog <em>ViverDown</em> — um porto seguro para compartilhar as incertezas e vitórias da Síndrome de Down — revelou-nos uma realidade muito maior.</p>



<p>Percebemos que o silêncio e a invisibilidade não afetavam apenas a nossa família, mas milhares de outras que navegam por mares de exclusão, seja por deficiências visuais, motoras, auditivas ou intelectuais.</p>



<p><strong>Um novo horizonte: Contra todo tipo de exclusão</strong></p>



<p>No final de 2023, compreendemos que a nossa luta não poderia ser segmentada. A dor da exclusão é universal, mas a força da união é invencível. Por isso, o <em>ViverDown</em> evoluiu. Hoje, somos o <strong>Portal Incluir</strong>.</p>



<p>Nossa missão expandiu-se para abraçar não apenas o universo PcD, mas <strong>toda e qualquer pessoa que enfrenta as barreiras do preconceito.</strong> Seja o racismo, a discriminação social, de gênero ou qualquer forma de intolerância que tente diminuir a dignidade humana — o Portal Incluir é o seu território de resistência e acolhimento.</p>



<p><strong>Nosso Compromisso</strong></p>



<p>Acreditamos que uma sociedade que falha em respeitar as diferenças é uma sociedade incompleta. O Portal Incluir nasce para preencher essas lacunas através de:</p>



<ul class="wp-block-list">
<li><strong>Comunidade Colaborativa:</strong> Um espaço vivo onde pais, mães, profissionais de saúde, educadores e ativistas trocam experiências e transformam dor em ação.</li>



<li><strong>Informação que Liberta:</strong> Orientações técnicas, direitos garantidos e conteúdos que combatem o preconceito com o conhecimento.</li>



<li><strong>Fidelidade ao Humano:</strong> Nosso compromisso é com o direito inalienável de cada indivíduo ser quem é, ocupando todos os espaços da sociedade com orgulho e segurança.</li>
</ul>



<p><strong>Junte-se a nós</strong></p>



<p>Este portal não é apenas um site; é um movimento. É a continuidade da história da Alice, agora entrelaçada à história de tantos outros que buscam um mundo onde a &#8220;diferença&#8221; seja celebrada como a nossa maior riqueza.</p>



<p>O Portal Incluir é seu. Participe, colabore e ajude-nos a construir uma sociedade que finalmente aprenda a honrar a diversidade humana em todas as suas cores, formas e capacidades.</p>



<p>Um forte braço,</p>



<figure class="wp-block-image alignleft size-full is-resized"><img loading="lazy" decoding="async" width="150" height="150" src="http://portalincluir.com.br/wp-content/uploads/2024/01/jp.jpg" alt="" class="wp-image-109" style="width:91px;height:auto"/></figure>



<p><strong>Júnior Patente</strong> (Professor e radialista e pai de uma criança com T21), idealizador do Portal Incluir.</p>

<p>O nascimento de um propósito Tudo começou em agosto de 2013, com a chegada da</p>

<!-- This site is optimized with the Yoast SEO plugin v27.4 - https://yoast.com/product/yoast-seo-wordpress/ -->
<title>Portal Incluir: aqui a diferença encontra o respeito e a voz - PORTAL INCLUIR</title>
<meta name="robots" content="index, follow, max-snippet:-1, max-image-preview:large, max-video-preview:-1" />
<link rel="canonical" href="https://portalincluir.com.br/index.php/quem-somos/" />
<meta property="og:locale" content="pt_BR" />
<meta property="og:type" content="article" />
<meta property="og:title" content="Portal Incluir: aqui a diferença encontra o respeito e a voz - PORTAL INCLUIR" />
<meta property="og:description" content="O nascimento de um propósito Tudo começou em agosto de 2013, com a chegada da" />
<meta property="og:url" content="https://portalincluir.com.br/index.php/quem-somos/" />
<meta property="og:site_name" content="PORTAL INCLUIR" />
<meta property="article:modified_time" content="2026-02-07T10:17:27+00:00" />
<meta property="og:image" content="https://portalincluir.com.br/wp-content/uploads/2024/01/jp.jpg" />
	<meta property="og:image:width" content="150" />
	<meta property="og:image:height" content="150" />
	<meta property="og:image:type" content="image/jpeg" />
<meta name="twitter:card" content="summary_large_image" />
<meta name="twitter:label1" content="Est. tempo de leitura" />
	<meta name="twitter:data1" content="3 minutos" />
<script type="application/ld+json" class="yoast-schema-graph">{"@context":"https:\/\/schema.org","@graph":[{"@type":"WebPage","@id":"https:\/\/portalincluir.com.br\/index.php\/quem-somos\/","url":"https:\/\/portalincluir.com.br\/index.php\/quem-somos\/","name":"Portal Incluir: aqui a diferença encontra o respeito e a voz - PORTAL INCLUIR","isPartOf":{"@id":"https:\/\/portalincluir.com.br\/#website"},"primaryImageOfPage":{"@id":"https:\/\/portalincluir.com.br\/index.php\/quem-somos\/#primaryimage"},"image":{"@id":"https:\/\/portalincluir.com.br\/index.php\/quem-somos\/#primaryimage"},"thumbnailUrl":"http:\/\/portalincluir.com.br\/wp-content\/uploads\/2024\/01\/jp.jpg","datePublished":"2024-03-04T01:17:42+00:00","dateModified":"2026-02-07T10:17:27+00:00","breadcrumb":{"@id":"https:\/\/portalincluir.com.br\/index.php\/quem-somos\/#breadcrumb"},"inLanguage":"pt-BR","potentialAction":[{"@type":"ReadAction","target":["https:\/\/portalincluir.com.br\/index.php\/quem-somos\/"]}]},{"@type":"ImageObject","inLanguage":"pt-BR","@id":"https:\/\/portalincluir.com.br\/index.php\/quem-somos\/#primaryimage","url":"https:\/\/portalincluir.com.br\/wp-content\/uploads\/2024\/01\/jp.jpg","contentUrl":"https:\/\/portalincluir.com.br\/wp-content\/uploads\/2024\/01\/jp.jpg","width":150,"height":150},{"@type":"BreadcrumbList","@id":"https:\/\/portalincluir.com.br\/index.php\/quem-somos\/#breadcrumb","itemListElement":[{"@type":"ListItem","position":1,"name":"Início","item":"https:\/\/portalincluir.com.br\/"},{"@type":"ListItem","position":2,"name":"Portal Incluir: aqui a diferença encontra o respeito e a voz"}]},{"@type":"WebSite","@id":"https:\/\/portalincluir.com.br\/#website","url":"https:\/\/portalincluir.com.br\/","name":"PORTAL INCLUIR","description":"","potentialAction":[{"@type":"SearchAction","target":{"@type":"EntryPoint","urlTemplate":"https:\/\/portalincluir.com.br\/?s={search_term_string}"},"query-input":{"@type":"PropertyValueSpecification","valueRequired":true,"valueName":"search_term_string"}}],"inLanguage":"pt-BR"}]}</script>
<!-- / Yoast SEO plugin. -->

Portal Incluir: aqui a diferença encontra o respeito e a voz - PORTAL INCLUIR

O nascimento de um propósito Tudo começou em agosto de 2013, com a chegada da

Início
